10
Let y(t) = 4*t**2 + 4*t. Let u(p) = -9*p**2 - 9*p. Let x(w) = 3*u(w) + 7*y(w). Let z be -1 - 2/(-1 - -3). Calculate x(z).
2
Suppose -l = -2*g + 8, -4 = -l - 0*g - g. Let a(c) = c**3 - c. What is a(l)?
0
Let p = -2 + 5. Let r(q) = -10*q + 7. Let n(w) = 3*w - 2. Let u(y) = -7*n(y) - 2*r(y). Let t(h) = -8*h + 1. Let x(f) = t(f) - 6*u(f). What is x(p)?
-5
Suppose -5*d - 33 = -3*z, -z + 33 = 4*z - d. Suppose -z*b = -3*b - 15. Let p(r) = -r**3 + 4*r**2 + 6*r + 2. Calculate p(b).
7
Let f(t) = -8 + 9*t + 6 + 4 - 1. Let n be 2/6*-3*1. Determine f(n).
-8
Let g = -15 - -10. Let a(m) = m**2 + 12*m. Let d(j) = -j**2 - 11*j + 1. Let z(k) = g*a(k) - 6*d(k). What is z(-5)?
-11
Suppose -2*w - 2*i + 16 = 0, 3*i = 2*i + 5. Let t(o) = 7*o - 3. Let j(z) = 20*z - 9. Let b(k) = -6*j(k) + 17*t(k). What is b(w)?
0
Let f(g) = -1. Let y(u) = -u**2 + 2*u + 2. Let c be -1 + -2 + 1 + 6. Let d(n) = c*f(n) + y(n). Give d(3).
-5
Let c(i) be the first derivative of 2/3*i**3 - 4 + 1/4*i**4 - 3/2*i**2 + 4*i. Determine c(-3).
4
Let i(y) = 8*y**3 + 8 - 9 - 9*y**3. Give i(-2).
7
Suppose 2*b = 4*b + 4. Let i be 1*3 + 3 + b. Let t(d) = -5 - d**3 + 4*d**2 + 3 - 4*d + i. Determine t(3).
-1
Let i(m) = 2*m + 1. Let h(y) = y**3 - 12*y**2 - 4. Let k be h(12). What is i(k)?
-7
Let o(v) = v**3 + 5*v**2 - 6. Let x be (-33)/7 + 2/(-7). Let p be ((-4)/x)/(4/130). Suppose 5 = q, -24 = 5*y - 5*q + p. What is o(y)?
-6
Suppose -12 = -3*f + 3. Suppose s = -2*w + 9, -f*s + 5*w = w - 3. Let v(y) = 3 - 6 - s*y - 1 + 1. Determine v(-2).
3
Let x(t) = t**2 + 5*t + 4. Let n(p) = 5*p - 11. Let r be (-1)/((-2)/(-4)) + -2. Let a(f) = f. Let u(q) = r*a(q) + n(q). Let k be u(8). What is x(k)?
-2
Suppose -p + 12 = p. Let d(h) = -p + h - 1 + 3 - 3. What is d(6)?
-1
Let m(z) = -z**2 + 2*z + 5. Let u be m(4). Suppose 2*l = 2*n - 8, 5*n - 2*n - 4 = -l. Let p(x) = -6*x + x**3 + 4*x + 3*x + 3*x**n + x**2. Calculate p(u).
6
Let p = 5 - 8. Let d(g) be the first derivative of -g**4/4 - g**3/3 + g**2 - 4*g - 2. Give d(p).
8
Let p = 28 - 21. Let w(l) = l**3 - 6*l**2 - 8*l + 1. What is w(p)?
-6
Let z be 6/(-5)*(5 + 0). Let p(c) be the third derivative of -c**6/120 - c**5/10 + c**4/8 + 3*c**3/2 + c**2 + 21. Determine p(z).
-9
Let h(y) = -y**2 + 6*y + 5. Let n be h(7). Let d = n - -1. Let j(g) = 14*g - 6*g - 7*g - 2*g**3. Give j(d).
1
Let u = -1 - 3. Let w be (4/u*0)/1. Let g(o) = o**2 + o - 7. Determine g(w).
-7
Let u be (1 - 0) + (3 - 2). Let i(z) = 6*z**2 + 4 + z - u*z**2 + 2*z - z**3. Suppose -2*h + 2 + 5 = 3*o, 2*o + 27 = 5*h. Determine i(h).
-6
Let p(y) = -y. Let s be p(5). Let t(x) = -x**3 - 6*x**2 - 5*x + 1. Let u be t(s). Let q(f) = -6*f**3 + 0 + 0 + f. Determine q(u).
-5
Let k(h) be the second derivative of -h**2 + 1/8*h**4 - 1/60*h**5 + 0 + 1/6*h**3 - 3*h. Let o(p) be the first derivative of k(p). What is o(4)?
-3
Suppose -3*t - 4 + 13 = 0. Let q(f) = t*f + f - f. Let g be 0 - (0 - (0 + 2)). Determine q(g).
6
Suppose -10*l + 12 = -28. Suppose -5*b = -28 - 2. Let g(k) = 0*k - 4*k - b + 8*k. Give g(l).
10
Let r(u) = -u**3 + u**2 - u + 1. Let a(z) = -z**2 + z. Let v(f) = -4*a(f) - r(f). Calculate v(-4).
-5
Let w(o) = 6*o + 1. Let t(b) = -b. Let h(u) = 5*t(u) + w(u). Let q be 0/(-4) + -7 - -2*1. Calculate h(q).
-4
Let r be 102/27 + (-2)/(-9). Let c = r - 2. Let b(q) = 5*q - q**3 + 0 + 2 - c*q. Give b(-2).
4
Let y(n) = -58*n + n**2 + 55*n - 4 + 0*n**2. Let u be (9/6)/((-1)/(-2)). Give y(u).
-4
Let u(t) = -10*t - 2. Let h = 61 - 63. Determine u(h).
18
Suppose -2*g + 5*y - 8 = 0, 10 = 4*y + y. Suppose -5*f = -2*o - o - 8, -3*f - 2*o = -g. Let d(m) = -m + f + 0*m + 0*m. Calculate d(1).
0
Let x(t) be the second derivative of 1/6*t**3 - 7*t + 3*t**2 + 0 - 1/20*t**5 - 5/12*t**4. What is x(-5)?
1
Let y(g) be the first derivative of -1 - g**2 - 3*g + 4*g + 0*g. Suppose 2*h - 10 = -0. Determine y(h).
-9
Let j(c) = c + 3. Suppose b = -n - 4, 0 = 2*b + 2*b - n + 11. Determine j(b).
0
Let y(k) = 4*k**2 - 5*k - 4. Let b(a) = -a**2 + a + 1. Let u(s) = -3*b(s) - y(s). Let o be (-4 - -1)/(0 - 1). Calculate u(o).
-2
Let l(i) = -i**3 - 2*i**2 + i. Let q be l(-3). Let y(b) = -b**2 + 5*b + 0*b**2 - b - q*b. Give y(-4).
-8
Let v(u) = -u**3 - u**2 + 3*u + 3. Let p be v(-2). Let m = p + 5. Let z(k) = -k + 10. Give z(m).
4
Let g be 0 - 1*(1 + 3). Let a(r) = 0*r**2 + 0 + 4 + r**2 + 7*r. Calculate a(g).
-8
Let n(r) = r + 1. Let i be (-1)/(0 - (-1)/(-9)). Suppose 3*o - 2*p = -0*p - 6, 0 = 5*o - 3*p + i. Suppose o = 3*y - 12, -3*h - 2*h - 5*y = -15. Determine n(h).
0
Let a(j) be the first derivative of -j**3/3 + 4*j - 10. Give a(-3).
-5
Let u(s) = 0*s**3 + s + 0*s**3 + s**3 + 5*s**2 + 7. Suppose 2*j = -2*q - 18, -q + 2*q = -2*j - 13. Calculate u(q).
2
Let d(l) be the third derivative of l**5/60 - l**4/24 - l**2. Let z(k) = -k**2 + 4*k + 1. Let c be z(4). Let j be (-6)/(c - (4 - 1)). Determine d(j).
6
Let r(b) = -b**2 - b + 0*b + 2*b**2. Let o be 3/2 - 15/6. Give r(o).
2
Let f(x) be the first derivative of -10*x - 4 - 1/2*x**2. Suppose 4*p - 6*p = 12. Give f(p).
-4
Let s(v) = 7*v**2 + 0*v**2 - 1 + 0. Suppose -5*q - 1 + 21 = 0. Suppose -q*j + 0 = -4. Give s(j).
6
Let t(x) = -x**2 + 3*x. Let m = -10 - -6. Let v = -1 - m. Give t(v).
0
Let q(i) = 8*i**2 - 4. Let t(a) be the first derivative of -7*a**3/3 + 3*a + 1. Let k(l) = 6*q(l) + 7*t(l). Calculate k(0).
-3
Let y(j) = -j**3 - 5*j**2 + j. Let r be y(-5). Let t(b) = -3*b - b + 2 - 2*b + 7*b. Calculate t(r).
-3
Let f(a) = 2*a**3 - 5*a**2 + 2*a - 1. Let x(y) = y**2 - 7*y + 9. Let h be x(6). Calculate f(h).
14
Let i(v) = 5*v**2 + 8*v - 3. Let b(f) = -4*f**2 - 7*f + 3. Let o(q) = -6*b(q) - 5*i(q). What is o(-3)?
-18
Let u(s) be the first derivative of -s**5/20 + 5*s**4/12 - s**3 + 3*s**2 - 2*s - 1. Let z(a) be the first derivative of u(a). Calculate z(4).
-2
Let r(o) = o**2 - 2*o - 3. Let i be (-2)/(-6)*(21 + -3 - 0). What is r(i)?
21
Let k(p) = 2*p**3 - p**2 - 4*p + 3. Let t be (-6)/4 - (-3)/2. Suppose -5*n + 4*n + 2 = t. Let f(w) = -w + 4. Let r be f(n). What is k(r)?
7
Suppose -5*h + 16 = 5*x + 211, -3*h - 9 = 0. Let a be (-9)/x - (-46)/8. Let d(m) = -m**2 + 5*m + 1. Determine d(a).
-5
Let o(r) = -r. Let l(s) = -s - 1. Let x = -6 + 1. Let g(u) = x*o(u) + 6*l(u). What is g(-6)?
0
Let c = -57 + 55. Let y(s) = -s**3 + s. Let k(a) = 2*a**3 + a**2 + a + 3. Let w(h) = k(h) + 3*y(h). Give w(c).
7
Let v(b) = -10*b**2 - 14*b**2 - 8*b**2 + b**3 + 28*b**2. Let i(c) = 9 - 4*c - 2 - 2*c + c**2. Let n be i(5). Give v(n).
-8
Let j(o) be the second derivative of -5/6*o**3 - 1/20*o**5 + 5/12*o**4 - o**2 + 0 - 2*o. Calculate j(4).
-6
Let o(x) = -x + 4. Let j(p) = -p + 1. Let w be j(6). Determine o(w).
9
Let m = -9 - -25. Let q be m/9 - 8/(-36). Suppose -f = f + q. Let t(s) = 5*s**3 + 2*s**2 + s. What is t(f)?
-4
Let n = -3 + 2. Let g be (-1 - 5)*n/(-2). Let t(o) = -o - 1. Let i(y) = -y**2 - 4*y. Let p(h) = -i(h) + 2*t(h). Give p(g).
1
Let s(h) = -h**3 + 7*h**2 - 8*h + 7. Let v(b) = -3*b - 3. Let t be v(-3). Let y be s(t). Let a(r) = r**3 + 6*r**2 + 7*r + 7. Determine a(y).
-3
Let a(b) be the third derivative of -b**6/120 + b**5/10 - b**4/12 + b**3/6 + 3*b**2 - 2. Determine a(5).
16
Let h(p) = -p**2 - 1. Suppose 0 = -n + 6 - 3. Suppose -3*j = -4*j + 5. Let r = n - j. Give h(r).
-5
Let v = 4 - 2. Let q(c) = c**3 + 5*c**2 - 2*c - 1. Let r(t) = -t**3 - t**2 + t. Let a(f) = q(f) + 3*r(f). What is a(v)?
-7
Let b(k) = k**2 - 7*k + 6. Let q = 4 - -1. Let o = q + -1. Calculate b(o).
-6
Let j(v) = v**2 + v - 3. Let b be 4/(-16) - (-25)/4. Suppose 4*k - 2*k - b = 0. Calculate j(k).
9
Let v(a) be the third derivative of a**8/6720 - a**7/504 + a**6/144 - a**5/60 - a**4/6 + 2*a**2. Let p(m) be the second derivative of v(m). Determine p(3).
-5
Suppose 0 = 2*z - 2. Let o(y) be the first derivative of 4*y**3/3 + y**2/2 - y + 2. Give o(z).
4
Let l(f) = f**3 - 8*f**2 - 6. Let y be l(8). Let o(d) = d**3 - 4*d**2 - 3*d + 2. Let j be o(4). Let b = y - j. Let s(m) = m - 2. What is s(b)?
2
Let v(j) = -j**3 - 4*j**2 - 5*j - 4. Let n(u) = 6*u + 4. Let l be n(-2). Let c = 5 + l. Give v(c).
2
Let k(j) = j + 2. Let q = 0 + 0. Suppose -s + 3 + 4 = q. Suppose 4*l + s - 27 = 0. Give k(l).
7
Let g be ((-1)/(-4))/(8/32). Let b(z) = 0*z + z - 4 - 5*z**2 + 0*z + z**3 + g. Let d be -1 - -1 - (-5)/1. What is b(d)?
2
Suppose -2 - 28 = -5*b. Let c(q) 